5593
List the prime factors of 757187.
43, 17609
What are the prime factors of 555386?
2, 13, 41, 521
What are the prime factors of 2617670?
2, 5, 11, 53, 449
What are the prime factors of 776598?
2, 3, 71, 1823
What are the prime factors of 19301152?
2, 13, 43, 83
What are the prime factors of 171395?
5, 7, 59, 83
What are the prime factors of 2137094?
2, 641, 1667
What are the prime factors of 10017106?
2, 11, 53, 71
What are the prime factors of 1112986?
2, 7, 41, 277
List the prime factors of 3471237.
3, 7, 11, 5009
What are the prime factors of 1599?
3, 13, 41
List the prime factors of 1009543.
41, 24623
What are the prime factors of 1548061?
23, 67307
List the prime factors of 149605.
5, 29921
List the prime factors of 1274474.
2, 67, 9511
List the prime factors of 22043595.
3, 5, 7, 209939
What are the prime factors of 3571289?
3571289
What are the prime factors of 35457706?
2, 73, 211, 1151
List the prime factors of 2938552.
2, 17, 31, 41
List the prime factors of 513698.
2, 113, 2273
What are the prime factors of 11586764?
2, 7, 41, 10093
List the prime factors of 377802.
2, 3, 139, 151
What are the prime factors of 18245258?
2, 9122629
What are the prime factors of 108028?
2, 113, 239
What are the prime factors of 600199?
41, 14639
List the prime factors of 828532.
2, 103, 2011
List the prime factors of 9792452.
2, 61, 67, 599
List the prime factors of 45728.
2, 1429
List the prime factors of 437104.
2, 17, 1607
What are the prime factors of 7740535?
5, 11, 23, 29, 211
List the prime factors of 257818.
2, 11, 11719
What are the prime factors of 1042214?
2, 521107
What are the prime factors of 3070171?
13, 236167
What are the prime factors of 931398?
2, 3, 13, 11941
What are the prime factors of 1324734?
2, 3, 220789
What are the prime factors of 282356?
2, 70589
What are the prime factors of 738982?
2, 369491
List the prime factors of 3697581.
3, 1232527
What are the prime factors of 23343518?
2, 11, 1061069
List the prime factors of 261737.
7, 139, 269
List the prime factors of 4481706.
2, 3, 746951
What are the prime factors of 16666211?
19, 877169
List the prime factors of 383021.
19, 1061
What are the prime factors of 6141268?
2, 7, 31333
What are the prime factors of 3394127?
11, 97, 3181
List the prime factors of 8294497.
127, 241, 271
What are the prime factors of 208176?
2, 3, 4337
What are the prime factors of 12606043?
12606043
What are the prime factors of 5489352?
2, 3, 11, 29, 239
What are the prime factors of 4199528?
2, 524941
List the prime factors of 2191922.
2, 1095961
What are the prime factors of 578407?
578407
What are the prime factors of 46077?
3, 15359
List the prime factors of 3486372.
2, 3, 290531
What are the prime factors of 4311456?
2, 3, 97, 463
What are the prime factors of 6163796?
2, 1540949
What are the prime factors of 20271232?
2, 29, 43, 127
What are the prime factors of 2762157?
3, 83, 11093
List the prime factors of 1235114.
2, 19, 32503
What are the prime factors of 2745948?
2, 3, 228829
What are the prime factors of 9473420?
2, 5, 11, 17, 149
List the prime factors of 7933.
7933
What are the prime factors of 1027296?
2, 3, 29, 41
List the prime factors of 12149590.
2, 5, 1214959
What are the prime factors of 312457?
167, 1871
List the prime factors of 93273.
3, 31091
What are the prime factors of 48246?
2, 3, 11, 17, 43
List the prime factors of 1492714.
2, 673, 1109
List the prime factors of 3219379.
19, 23, 53, 139
What are the prime factors of 1281866?
2, 640933
What are the prime factors of 1317214?
2, 658607
List the prime factors of 4561443.
3, 367, 1381
List the prime factors of 26522651.
19, 307, 4547
What are the prime factors of 3582?
2, 3, 199
What are the prime factors of 1398709?
13, 17, 6329
List the prime factors of 4948860.
2, 3, 5, 7, 11783
What are the prime factors of 3667754?
2, 113, 16229
List the prime factors of 1211582.
2, 61, 9931
What are the prime factors of 196242?
2, 3, 32707
What are the prime factors of 1758539?
1758539
List the prime factors of 30969.
3, 31, 37
What are the prime factors of 166379?
17, 9787
What are the prime factors of 18024857?
31, 581447
List the prime factors of 176071.
7, 25153
What are the prime factors of 575331?
3, 17, 29, 389
What are the prime factors of 377465?
5, 11, 6863
List the prime factors of 950919.
3, 197, 1609
What are the prime factors of 21921640?
2, 5, 13, 42157
What are the prime factors of 1150317?
3, 7, 19, 31
List the prime factors of 859383.
3, 7, 4547
What are the prime factors of 6776898?
2, 3, 53, 101, 211
List the prime factors of 1612168.
2, 29, 6949
What are the prime factors of 1105781?
19, 58199
List the prime factors of 180677.
7, 53, 487
List the prime factors of 2982150.
2, 3, 5, 47
What are the prime factors of 4416195?
3, 5, 7, 137, 307
List the prime factors of 66714.
2, 3, 11119
What are the prime factors of 315490?
2, 5, 7, 4507
What are the prime factors of 3858237?
3, 428693
List the prime factors of 1159511.
997, 1163
List the prime factors of 578406.
2, 3, 96401
What are the prime factors of 110820?
2, 3, 5, 1847
List the prime factors of 808965.
3, 5, 17977
List the prime factors of 9575094.
2, 3, 31, 51479
What are the prime factors of 1546766?
2, 13, 41, 1451
List the prime factors of 275751.
3, 7, 1459
What are the prime factors of 1068552?
2, 3, 17, 97
What are the prime factors of 1637857?
13, 19, 349
List the prime factors of 8841664.
2, 13, 10627
What are the prime factors of 138968?
2, 29, 599
What are the prime factors of 30703?
30703
List the prime factors of 454086.
2, 3, 2803
List the prime factors of 2022956.
2, 13, 38903
List the prime factors of 3733859.
113, 173, 191
What are the prime factors of 18973980?
2, 3, 5, 41, 857
What are the prime factors of 313314?
2, 3, 79, 661
What are the prime factors of 1107610?
2, 5, 7, 15823
List the prime factors of 5313533.
37, 143609
List the prime factors of 250922.
2, 7, 17923
List the prime factors of 1071444.
2, 3, 11, 8117
What are the prime factors of 21061537?
7, 23, 130817
What are the prime factors of 529826?
2, 11, 24083
List the prime factors of 3760265.
5, 752053
What are the prime factors of 4412227?
4412227
What are the prime factors of 591784?
2, 73973
List the prime factors of 280627.
280627
List the prime factors of 446994.
2, 3, 19, 1307
List the prime factors of 137293.
13, 59, 179
List the prime factors of 12811432.
2, 31, 51659
What are the prime factors of 784496?
2, 49031
What are the prime factors of 4867182?
2, 3, 173, 521
What are the prime factors of 22098?
2, 3, 29, 127
List the prime factors of 241932.
2, 3, 20161
What are the prime factors of 513274?
2, 271, 947
What are the prime factors of 840596?
2, 31, 6779
List the prime factors of 75730.
2, 5, 7573
What are the prime factors of 2193901?
17, 23, 31, 181
List the prime factors of 156647.
383, 409
What are the prime factors of 55020?
2, 3, 5, 7, 131
What are the prime factors of 1089046?
2, 7, 107, 727
List the prime factors of 2793241.
11, 37, 6863
What are the prime factors of 166116?
2, 3, 109, 127
What are the prime factors of 5430661?
5430661
What are the prime factors of 711655?
5, 7, 20333
What are the prime factors of 274393?
7, 39199
List the prime factors of 1148039.
1148039
List the prime factors of 363636.
2, 3, 7, 13, 37
List the prime factors of 704225.
5, 17, 1657
What are the prime factors of 4617893?
7, 19, 34721
List the prime factors of 67043.
67043
List the prime factors of 4813691.
4813691
List the prime factors of 63704.
2, 7963
List the prime factors of 159856.
2, 97, 103
List the prime factors of 10591.
7, 17, 89
What are the prime factors of 177313?
233, 761
What are the prime factors of 3212764?
2, 83, 9677
List the prime factors of 3116966.
2, 1558483
What are the prime factors of 12653583?
3, 101, 41761
What are the prime factors of 2505760?
2, 5, 15661
What are the prime factors of 3180605?
5, 173, 3677
What are the prime factors of 605360?
2, 5, 7, 23, 47
What are the prime factors of 5436344?
2, 331, 2053
What are the prime factors of 13210368?
2, 3, 103, 167
What are the prime factors of 3138775?
5, 125551
What are the prime factors of 4237658?
2, 17, 23, 5419
What are the prime factors of 145048?
2, 18131
List the prime fac